ighest common factor of g and 99?
11
Suppose 0 = -10*a + 25*a - 495. Suppose 34 = -4*c + 122. What is the greatest common divisor of a and c?
11
Suppose -6*n = 48 - 198. Suppose -c + 0*c + 50 = 0. Calculate the highest common factor of n and c.
25
Let f be (-4 + 1 + 2)*-1. What is the greatest common factor of f and 1?
1
Suppose -86*n = -90*n + 44. What is the greatest common factor of 55 and n?
11
Let c = -112 + 193. Calculate the highest common factor of c and 27.
27
Let p be 2/(-5) - 726/(-15). Calculate the greatest common factor of 32 and p.
16
Let s be (-308)/(-6) - 26/(-39). What is the highest common divisor of s and 13?
13
Let l be 6/(-9)*3 - -27. Calculate the greatest common divisor of l and 50.
25
Let n(g) = -g**3 - 20*g**2 - 20*g - 5. Let i be n(-19). Let t = 12 + -33. Let q = t + 49. Calculate the greatest common factor of q and i.
14
Let n be 0/6 - (-1 - 1). Let p = n - 0. What is the greatest common factor of p and 4?
2
Let r = 0 + 2. Suppose 312 = r*d + 2*z, -768 = -5*d - 0*z + z. Calculate the greatest common factor of 14 and d.
14
Suppose 5*t - 2 = -b, -2*b - 9 = -2*t - t. Let a = 1 + t. Suppose -37 = -s + 4*r, -a*r + 44 = s + s. What is the highest common factor of 5 and s?
5
Let o be 1/(-1)*-6 - 2. Suppose -o = 3*j - 16. Suppose -4*k = 5*t - 656, -j*k = -2*k + 2. Calculate the greatest common divisor of t and 12.
12
Let h(o) = o**2 + 4*o - 3. Let l be h(-4). Let b = l + 9. Calculate the highest common factor of 6 and b.
6
Suppose -2*c + 4 = 2*c. What is the greatest common divisor of c and 6?
1
Let y(i) = i**3 + 10*i**2 + 4*i - 3. Let p be y(-6). Let c be (15 - 2)*((-1)/1)/(-1). Calculate the highest common factor of c and p.
13
Let d = 401 - 173. Suppose -3*p = 4*g + p - d, -2*p = 5*g - 276. Calculate the greatest common factor of g and 36.
18
Suppose -4*j = 2*n - 4, -4*n + 12 = j - 17. Let p be 14/(3 - 33/12). What is the greatest common divisor of n and p?
8
Let i = 129 - 85. Let d = -10 - -14. What is the greatest common factor of d and i?
4
Let h(a) = 47*a + 28. Let g be h(6). What is the highest common divisor of g and 10?
10
Let m = 45 + -36. Calculate the highest common factor of m and 72.
9
Suppose -4*i - 4 = -4*x - 0, -i = -5*x + 21. Calculate the highest common divisor of x and 35.
5
Suppose -s - 1 = -13. Calculate the greatest common factor of s and 48.
12
Let p be (2/(-3))/(4/(-30)). Suppose -4*g + 0 = x - 24, 4*x = p*g + 33. Calculate the greatest common divisor of 108 and x.
12
Let c be 1/(3 + 46/(-16)). What is the highest common divisor of 32 and c?
8
Let d(r) = r**3 + r**2 - 3*r + 14. Let u be d(0). What is the highest common divisor of u and 112?
14
Suppose 5*t = -q + 50, q + 30 = 3*t + 6*q. Suppose -30 - 30 = -2*b. Suppose -4*n = -10 - b. What is the highest common divisor of t and n?
10
Let c(f) = -f**2 - 8*f - 16. Let v be c(-12). Let p = -19 - v. Let u = p - -32. Calculate the greatest common divisor of u and 7.
7
Suppose -4*a + 148 = c, -146 = -3*c + 2*c - 3*a. Suppose 0 = b + 4*b - c. Let h = 23 - 16. What is the highest common divisor of b and h?
7
Let b = 5 + -5. Let y = b - -39. Suppose 27 = 3*n + 3*g, 3*n - 43 = -0*g + g. What is the greatest common divisor of y and n?
13
Let r(h) = 7*h - 18. Let l be r(6). Let a = -20 - -32. Calculate the highest common factor of a and l.
12
Let q = -89 + 94. Calculate the highest common factor of 1 and q.
1
Suppose 2*a + 0*a + 54 = 0. Let z = a - -40. Calculate the highest common factor of z and 91.
13
Suppose -8 = -3*d + 43. Suppose 0 = -3*u + 19 + d. Let k(b) = b**2 - 22*b + 51. Let o be k(21). Calculate the highest common factor of o and u.
6
Let x(g) = 5*g**2 - g + 11 - 2*g - 11. Let b be x(2). What is the highest common divisor of 2 and b?
2
Suppose 78 = 3*v + m + 5, -5*m + 53 = 2*v. What is the highest common factor of 8 and v?
8
Suppose -3*t - 5*h + 29 = 0, 4*h + 7 + 1 = 0. What is the highest common factor of 117 and t?
13
Let a = 13 - 9. Let s = 16 - a. Let g be 12*s/9 + 0. Calculate the highest common divisor of g and 32.
16
Suppose 12 = -3*v, 0*v = -4*h - 5*v + 16. Suppose 5*d - 10 = 5. Let a be 1*(d/(-3) - -10). What is the greatest common divisor of a and h?
9
Let d = -15 + 16. Suppose -2*h - 2*k = 3*h - 13, -2*h = 2*k - 10. Calculate the highest common divisor of d and h.
1
Let y be -1 - -1 - (-7 - -1). What is the highest common factor of y and 6?
6
Suppose 2*v = 4*u - 25 - 1, 4*u = -3*v + 31. What is the greatest common divisor of 7 and u?
7
Let s(t) = -1. Let b(o) = o**2 + 6*o + 1. Let w(x) = b(x) + 4*s(x). Let c be w(-9). What is the greatest common divisor of c and 3?
3
Let y be 1*-5*1*-1. Suppose a - 13 + y = 0. What is the highest common factor of a and 12?
4
Let k = 30 + -17. Suppose 0 = -3*a + 155 + k. Let h = a + -34. What is the highest common factor of h and 11?
11
Let t = 7 - 1. Suppose y + 0 - 20 = 2*b, -41 = -2*y + 5*b. What is the greatest common divisor of y and t?
6
Suppose 12*z - 117 = 99. Calculate the greatest common factor of 126 and z.
18
Let z(v) = v + 12. Suppose -4*l + 20 - 8 = 0. Suppose -l*y = -y + 14. Let r be z(y). Calculate the greatest common divisor of r and 15.
5
Let m(k) = k + 32. Let o be m(-26). What is the greatest common factor of o and 258?
6
Let o = 101 + -56. Calculate the greatest common divisor of o and 18.
9
Let c be (1 - -3)*(-3 - -5 - -3). What is the highest common divisor of 20 and c?
20
Let z be -3 - ((-2)/2 - 107). Suppose g - z = -2*g. Let c be (-1)/(3 + 86/(-28)). Calculate the highest common divisor of c and g.
7
Let s be (-1 - 0)/((-2)/(-6)). Let m = s + 11. What is the highest common factor of 20 and m?
4
Suppose 130 = 2*v + 5*n, 2*n = 2*v - 2*n - 112. What is the highest common factor of 8 and v?
4
Suppose 3*d - 13 = -3*i + 4*d, 3*i - 21 = -3*d. Suppose 0 = -x - 3*w + w + 129, -409 = -3*x + i*w. Calculate the highest common divisor of x and 19.
19
Let z = 11 - 10. Calculate the highest common divisor of z and 8.
1
Let i be (-2)/(-4) + 18456/48. Calculate the highest common divisor of 35 and i.
35
Suppose 2*c + 4*f = 140, -f = -c - 2*f + 71. Calculate the highest common divisor of 8 and c.
8
Let m be 104/(-780) - (-902)/15. Let p(b) = -b**3 + 4*b**2 + 6*b + 7. Let j be p(5). Calculate the highest common divisor of m and j.
12
Suppose -8*n + 56 = -10*n. Let b be n/5*40/(-16). What is the greatest common factor of b and 42?
14
Let k = 37 + -53. Let d = 26 + k. Calculate the highest common factor of 90 and d.
10
Suppose -d - w = 2*d - 787, -2*w - 1297 = -5*d. Calculate the greatest common factor of d and 29.
29
Suppose -q + 1 + 7 = -2*z, 11 = q - 3*z. Let k be (-3)/(-2) - (-13)/q. Calculate the greatest common divisor of k and 1.
1
Let w(j) = 4*j**2 - 2*j + 3. Suppose 0 = -4*q - 4 + 16. Let b be w(q). What is the highest common divisor of 3 and b?
3
Suppose 4*u = 3*r + 114, -2*r = -3*u - 4*r + 77. Let o be 1 + 20/(-4 - -3). Let n = u + o. What is the highest common divisor of 40 and n?
8
Let q(r) = -r + 6. Let c be q(6). Suppose c*l + 70 = 2*l. What is the greatest common factor of 7 and l?
7
Let c = 36 + -25. Suppose 0*p - 21 = -3*p. Suppose 3*z + 4 = p*z. What is the highest common factor of z and c?
1
Let m be (-2)/(2 - (-208)/(-102)). Suppose 2*p = -2*j + 30, 5*j = -3*p - 0*p + m. Let w = -56 + 140. What is the greatest common factor of p and w?
12
Suppose -8*f + 47 = -193. Let l(u) = u**2 + 3*u + 6. Let c be l(-4). What is the greatest common factor of c and f?
10
Suppose -10 = -4*u + 30. Let i = -39 - -49. Calculate the greatest common factor of i and u.
10
Let g(a) = 2*a**3 - 11*a**2 - 15*a + 2. Let d be g(7). Calculate the greatest common factor of 4 and d.
4
Suppose t + s + 6 - 2 = 0, 5*t = -2*s - 20. Let w be 1*-104*2/t. What is the greatest common divisor of w and 13?
13
Let j(x) = -x**3 + 7*x**2 - 4*x - 2. Let s be j(4). Suppose 3*a = a + 660. What is the greatest common factor of s and a?
30
Let w be (-30)/105 + 10/(-7)*-10. What is the greatest common divisor of 112 and w?
14
Suppose 240 + 984 = 18*x. Calculate the greatest common divisor of 4 and x.
4
Let x(k) = k**3 + 20*k**2 + 20*k + 21. Let l be x(-19). Let u = 2 + -2. Let g be (-6 - u)*1/(-1). What is the greatest common factor of g and l?
2
Let i = 18 + -12. Let a(w) = 5*w + 42 + 0*w - 4*w. Let y be a(0). Calculate the